 -10) + -24 + 13 - 0?
27
Evaluate (-17 - -64) + -40 - 51.
-44
-2809 - -2780 - ((0 - 2) + 13)
-40
Calculate 31 + (40 - (-40 + 64)).
47
What is (-19 - -47) + -72 + 19?
-25
What is the value of -3 - -12 - (10 + (-9 - -5) - 18 - -12)?
9
What is 0 + -9 - (-19 - -74 - (95 - -61))?
92
What is the value of 1 + 6 - (-2 + (-15 - -2) + 9 + 3)?
10
Calculate -25 + (18 - -5) + (-68 - (29 + -10)).
-89
(3 - 6) + -8 + 0 + 134 + -127 + 75
71
Evaluate (-1021 - -1027) + 13 + -7 + 10.
22
Evaluate -45 - (-14 + -38 + 50).
-43
13 - ((-28 - -11) + 66)
-36
Calculate (15 - (17 + -10)) + -10 + -32.
-34
(62 - 64 - (4 + 4)) + 54 + 0
44
Evaluate -1 + (-7 - (44 + -124 + 134 + 1 + -11)).
-52
What is the value of 73 + -69 + -59 + 5 + (-20 - 2)?
-72
Calculate 225 - 218 - (3 + -21).
25
Evaluate -27 + ((1 - 0) + 3 + (-5286 - -5295) - 18).
-32
-222 + -97 + 311 - (1 - (58 - (-1 + 0)))
50
Calculate -40 - (19 + -14) - -42.
-3
What is 11 + 76 + -10 + 17 + 5 + -31?
68
Evaluate 51 - (21 - 21 - -81).
-30
What is (-58 - -26 - -80 - (-1 + 5)) + 1?
45
What is the value of (-3 - -5) + -10 + -31 + 73?
34
Calculate (4 + 1 + 2 - ((-3 - -7) + 3)) + 5.
5
What is the value of -6 - (195 - 112 - 58)?
-31
(134 - (36 + 59)) + 10
49
What is the value of 22 + 1 - ((-132 - -84) + 43 - (-3 + -13))?
12
Evaluate (2 - (1 - -39)) + -1 + (3 - 14).
-50
(38 - (18 + 37)) + -8
-25
What is the value of (75 - 1) + (-80 + 133 - 69) - 4?
54
What is (43 - -8) + -6 + (7 - (-6 - -10)) - 4?
44
What is 37 - ((-42 - -17 - -43) + -14 + -2)?
35
What is (-60 - (-7 - (4 + -33))) + 32?
-50
What is the value of 11 + -8 + 13 + 1 + 0?
17
60 + 1 + 2 - (5 + 59 - 70)
69
Calculate -13 + -16 + 13 + 31 - (-7 + -48).
70
Calculate 51 + -128 + -44 + 39.
-82
Evaluate 9 - (0 - 1 - -2 - (36 + -11 - 20)).
13
1 - 7 - (66 - (85 + 8))
21
16 - ((34 - (9 + 37)) + -2 + 7)
23
Calculate (-6 + 14 + -7 - (2 - 7)) + (109 - 112).
3
What is (-12 - 4) + 0 + (-35 - -32)?
-19
Calculate 14 + 0 + 0 - (-5806 - -5834).
-14
Evaluate (31 - 74) + -94 - -21.
-116
What is -12 - -7 - (-5 - (-6 + (1 + 7 - -28)))?
30
What is the value of 6 + (8 - (-9 + -31 + 8 + 0)) + -4?
42
What is the value of -5 + (48 + 0 - (-9 + (-61 - -78)))?
35
What is -63 + 16 + -24 + (168 - 208)?
-111
Calculate -79 - -91 - (2 + (9 - 1)) - (35 + 8).
-41
Calculate -8 + -5 + (-7 - 25) + 8 + 6 + -15.
-46
Evaluate (-3 + 2 - -2) + (-23 - -51 - -5).
34
Evaluate -15 - -34 - (-54 - -68).
5
What is the value of 1 + -1 + 4 + 26 + 40 + -147 + 37?
-40
What is the value of 37 + (34 + -21 - (-2 - (-29 - -2)))?
25
What is the value of (-181 - (-28 + -41)) + 27?
-85
Evaluate (15 - -66) + -86 - -69.
64
What is the value of 14 + 17 + -19 - -8 - -81 - -15?
116
87 - (-128 - -340 - -3)
-128
Evaluate 17 + (75 - (-11 - (11 + -16 - -5))).
103
Evaluate 12 + (2 - (-13 + 18)) + -2 - 6.
1
Evaluate -17 - (-32 - -12) - (0 - -104 - 17).
-84
Evaluate (32 - -74) + -85 - 41.
-20
What is the value of -103 - (-26 - 103 - 58)?
84
Calculate -36 - 2 - -7 - 21.
-52
61 - 222 - -22 - -60
-79
What is the value of -127 + (-135 - (-56 - 77))?
-129
What is the value of -5 + (-65 - -56) + 0 + -5 + 4?
-15
What is -63 - (-135 - -64 - 8)?
16
Evaluate 4 + -1 + (-6 + (-4 - -23) - 47) + 5.
-26
What is the value of 11 - -11 - -58 - 78?
2
What is the value of 50 - -1 - (-7376 - -7368)?
59
What is (77 - (31 + -97)) + -62?
81
Calculate 23 + -18 + 12 + -5 + 70.
82
1 + 3 + 4 + -3 + (37 + -19 - 72)
-49
Calculate -3 + (291 - 238) + (1 - 6).
45
What is (-5 - ((-1 - 2) + -15)) + (12 - (52 - 37))?
10
Evaluate 3 + -2 - 0 - (4 - (35 + -40)) - 5.
-13
What is the value of (-125 - -39) + 21 - (-1 + (-2 + -6 - 2))?
-54
What is 50 + (-54 - (60 - 44))?
-20
What is the value of 456 + -276 - (9 - -97)?
74
What is the value of -97 - (46 - -4 - (-554 - -634))?
-67
What is (803 - 805) + (-2 - 29) + -6?
-39
20 - -93 - 45 - (5 - (3 + 18))
84
-126 - (53 - (-156 + 456))
121
Evaluate -40 - (10 + (-24 - -12) + (0 - -1)).
-39
Calculate (4 + 14 - -17) + -27.
8
Calculate (-11 - -1) + (134 - 106) + 14.
32
Calculate -58 + (10 + 4 - (15 - 12)) - (5 - 14).
-38
What is the value of (28 - (2 + 8) - 9) + -13 - (137 + -50)?
-91
Evaluate -23 - (74 + (-49 - 8)).
-40
Calculate (192 - (-73 - -158)) + -93.
14
(84 - (9 + 14 + 8)) + -2 + 13
64
Calculate 11 - (1 + 5) - ((-9 - (5 - -2)) + 3).
18
8 - (9 + -58 + 8 + -2 + 12)
39
What is (3105 - 3203) + (-1 + -9 - 1)?
-109
Calculate 29 - ((7 - -77) + -73).
18
What is 14 - ((144 - 12) + 14)?
-132
Evaluate -14 + (0 - -2) - (-19 - (-6 + -27 + 4)).
-22
Evaluate -95 + (48 - -44) - (2 + -3).
-2
What is 32 + (-47 - 22) + -48 + 165?
80
Calculate (-64 + -10 - -23) + 45.
-6
Calculate (-5 + (-25 + 12 - 10) - 7) + -15.
-50
Evaluate 71 + -85 - -11 - (2 + (0 - 1 - -52)).
-56
-351 + 334 - (3 + 0 - 59)
39
What is -27 + (24 - -12) + 94 - (-17 + -5)?
125
What is the value of (3 - 16 - 21) + (2 - 3)?
-35
(0 - (-2 + 6)) + (10 - -2) + -99 + 43
-48
What is the value of 4 + 2 + -69 + (29 - 2) + (1 - -8)?
-27
What is 1 - 11 - (-127 + 320 + -169)?
-34
Evaluate -304 - -335 - (9 - -4).
18
0 + -1 + (2 - (-26 - -36)) - -14 - 52
-47
Calculate 13 + -57 + -4 + (3 + 10 - 3) - 0.
-38
Calculate 9 + -14 + 1 + (-14 - -27 - (24 + -50)).
35
(40 - (-63 + 92)) + -26
-15
What is -45 - (159 + -139 - (-6 - 7))?
-78
What is the value of 4 + -22 + (38 - 2) + (450 - 446)?
22
Evaluate 20 - (1 + (-18 - 1) - (1753 + -1774)).
17
What is (-19 - -1 - (-140 + 132)) + -39 + 2?
-47
What is the value of 0 + 0 + 0 + 5 - (684 - 692)?
13
What is the value of -3 + -5 - (207 - 246)?
31
What is 18 + (7 - 28) + -17?
-20
44 - (8 - -40) - 36
-40
Evaluate 58 + -32 + -5 + 14 + 1.
36
Calculate 10 - (33 - (37 - 5)).
9
What is the value of (59 - (-2 - -83)) + (-1 - -23)?
0
What is -19 + 15 + (-16 - -5) + 38?
23
What is (2953 - 2930) + (-1 - -33)?
55
Calculate -3 + 1 - (-23 - ((38 - 57) + -75)).
-73
What is the value of (5 - -6) + (-2 - 0) - (-774 - -785)?
-2
-81 + -9 + (16 - -11) + 1 + -4
-66
Evaluate 80 - -1 - (-35 + -33 + 91 + -15).
73
(-73 - (53 + -155)) + -74
-45
Calculate 96 + -283 + (31 - -35).
-121
Evaluate (1 + 11 - (27 - 34)) + 15.
34
Evaluate 65 + (-17 - (-42 + 41)) - 126.
-77
What is the value of ((-30 - -30) + 10 - (5 - 0)) + (0 - 3)?
2
Calculate (6 - 4) + 31 + -286 + 314.
61
What is 1 - (44 - (-34 + 89)) - -25?
37
What is (-10 - 9) + 46 + 3?
30
Calculate 8 - -9 - 7 - 0 - (-12 - (78 + -4)).
96
What is (110 - 117 - (-4 - -1)) + 17 + 26?
39
(-43 - (9 - -2)) + 4 + -1 + -224 + 237
-38
Calculate (10 - -5 - (-11 + 1)) + (-6 + -2 - 1).
16
-29 + 104 + (54 + (27 - 60) - (0 + 9))
87
Calculate (12 - ((26 - -29) + -17)) + 103.
77
Evaluate -16 - (((-17 - -12) + 7 - -17) + 37).
-72
2 - (26 + -128 + 24)
80
What is the value of ((-17 - -3) + (4 - (-22 + 24)) - -51) + -13?
26
Calculate 26 + -33 + (4 - -13) + 1 + -94 + -6.
-89
(-18 - (-37 + -12)) + -181 + 158
8
Evaluate (-93 - (-51 + 8)) + -21 + 7.
-64
What is the value of -21 - (-34 - (-9 + 25 + -3))?
26
What is the value of (90 - (202 - 58)) + (4 - 15)?
-65
What is the value of 32 - (-14 + -76) - (7 + -8 + 6)?
117
-2 + -20 - (-76 + 1 + -26)
79
Evaluate 17 - (44 - -11) - -20 - (1 + -4 - -6).
-21
What is the value of 18 + (-11 + -19 - -11 - -37)?
36
Evaluate (2 - (-3 + 12)) + (-37 - -48) + -33.
-29
What is 10 - ((-1 - -18) + (43 - (37 - -10)) + -131)?
128
What is 67 - (-29 + (-24 - -81)) - -6?
45
What is -20 + (-39 - (20 + -58))?
-21
What is the value of (0 - 2 - 32 - (-19 - -21)) + -238 + 236?
-38
59 - (22 - (-3 - -21) - (4 + 1)) - 9
51
What is 45 - (15 + -2 - -1 - (-1784 + 1817))?
64
Calculate (109 - 64 - 43) + 9.
11
What is the value of -94 + 27 - (13 - -3) - -42?
-41
10 + -13 - (3 + -4)
-2
Evaluate (-7 - (-15 + 5 + -2)) + -8 - (-91 + 8).
80
Calculate 73 + -18 - (-20 + 33).
42
Evaluate -4 + 27 + 48 - 35.
36
Evaluate -18 + 110 + (-122 - -70).
40
What is -1 - (81 + (3 - (-7 + 4 - -16) - -1))?
-73
Calculate 0 - -13 - (7824 + -7876).
65
What is -55 - (46 + -110) - -24?
33
Calculate -39 - -104 - (-1 - 5 - -26).
45
-76 - ((8 + -4 - -9) + (-7 - (6 + -1)))
-77
What is -25 + 5 + 31 + -30 - (-6 + 22)?
-35
Evaluate (102 - (104 - 129)) + (-27 - -1).
101
What is the value of 29 - 136 - -54 - 13?
-66
Evaluate 249 + -384 + 163 + -9 + 0.
19
What is the value of -42 + 1 - (90 - (-86 - -199))?
-18
What is (-1460 - -1511) + (-15 - -3)?
39
What is the value of 0 - (-26 + (0 - (5 + 11)))?
42